0 a factor of 8171?
False
Does 17 divide 4318?
True
Is 3586 a multiple of 9?
False
Is 756 a multiple of 42?
True
Is 71 a factor of 141?
False
Is 5389 a multiple of 24?
False
Is 27 a factor of 729?
True
Is 2962 a multiple of 97?
False
Is 9 a factor of 234?
True
Is 17 a factor of 215?
False
Does 46 divide 1518?
True
Does 161 divide 15456?
True
Is 16 a factor of 200?
False
Is 328 a multiple of 8?
True
Does 62 divide 2116?
False
Is 44 a factor of 1408?
True
Is 532 a multiple of 19?
True
Does 10 divide 26063?
False
Is 17 a factor of 93500?
True
Is 109 a factor of 2616?
True
Is 12 a factor of 900?
True
Is 364 a multiple of 8?
False
Is 495 a multiple of 9?
True
Does 15 divide 28379?
False
Is 11 a factor of 852?
False
Is 4192 a multiple of 16?
True
Does 32 divide 7929?
False
Does 48 divide 288?
True
Is 1782 a multiple of 33?
True
Is 3 a factor of 320?
False
Is 37087 a multiple of 6?
False
Is 178 a factor of 12754?
False
Does 55 divide 847?
False
Is 234 a factor of 43784?
False
Does 11 divide 1067?
True
Is 4544 a multiple of 64?
True
Does 61 divide 8784?
True
Is 5195 a multiple of 67?
False
Does 15 divide 2520?
True
Is 56 a factor of 1407?
False
Does 26 divide 1994?
False
Does 19 divide 47975?
True
Is 28 a factor of 924?
True
Is 9179 a multiple of 42?
False
Is 308 a multiple of 31?
False
Is 92 a factor of 19794?
False
Is 683 a multiple of 11?
False
Does 24 divide 3948?
False
Is 840 a multiple of 60?
True
Is 28 a factor of 18956?
True
Does 36 divide 54032?
False
Is 6285 a multiple of 15?
True
Is 45 a factor of 3161?
False
Does 7 divide 26442?
False
Is 858 a multiple of 33?
True
Is 11 a factor of 7722?
True
Does 54 divide 786?
False
Is 2461 a multiple of 86?
False
Is 24196 a multiple of 14?
False
Does 14 divide 1820?
True
Is 31432 a multiple of 4?
True
Does 8 divide 776?
True
Is 1760 a multiple of 16?
True
Is 18 a factor of 1047?
False
Is 1029 a multiple of 186?
False
Is 5 a factor of 6587?
False
Is 5035 a multiple of 7?
False
Is 11 a factor of 550?
True
Is 12 a factor of 62758?
False
Does 26 divide 3124?
False
Does 40 divide 399?
False
Is 559 a multiple of 13?
True
Is 13 a factor of 1698?
False
Is 15724 a multiple of 26?
False
Is 315 a multiple of 19?
False
Does 21 divide 1407?
True
Is 18 a factor of 433?
False
Is 15246 a multiple of 33?
True
Is 8 a factor of 695?
False
Is 28392 a multiple of 14?
True
Is 24 a factor of 2262?
False
Is 324 a multiple of 5?
False
Is 860 a multiple of 9?
False
Is 29 a factor of 21369?
False
Does 19 divide 1292?
True
Is 18 a factor of 70?
False
Is 9159 a multiple of 14?
False
Is 848 a multiple of 7?
False
Is 12 a factor of 38568?
True
Is 28355 a multiple of 68?
False
Is 4148 a multiple of 4?
True
Is 529 a multiple of 23?
True
Is 24 a factor of 489?
False
Does 118 divide 21948?
True
Is 13550 a multiple of 25?
True
Is 10242 a multiple of 30?
False
Is 284 a factor of 34080?
True
Is 1171 a multiple of 18?
False
Does 13 divide 5395?
True
Does 13 divide 991?
False
Is 9816 a multiple of 8?
True
Does 50 divide 1360?
False
Does 94 divide 9029?
False
Does 129 divide 4575?
False
Is 6 a factor of 1613?
False
Does 11 divide 52680?
False
Is 32 a factor of 59833?
False
Does 45 divide 2302?
False
Does 27 divide 439?
False
Does 23 divide 920?
True
Is 3822 a multiple of 182?
True
Does 181 divide 10679?
True
Is 19 a factor of 10772?
False
Is 175 a multiple of 3?
False
Is 5750 a multiple of 46?
True
Is 351 a multiple of 9?
True
Is 27336 a multiple of 8?
True
Does 8 divide 321?
False
Is 3 a factor of 1588?
False
Is 1071 a multiple of 74?
False
Does 23 divide 880?
False
Does 24 divide 374?
False
Does 11 divide 486?
False
Is 102 a factor of 714?
True
Is 19 a factor of 11336?
False
Is 8568 a multiple of 18?
True
Is 52 a factor of 14924?
True
Is 11825 a multiple of 55?
True
Does 56 divide 3584?
True
Is 256 a multiple of 16?
True
Is 270 a factor of 24692?
False
Is 9 a factor of 81792?
True
Does 28 divide 532?
True
Does 11 divide 2992?
True
Is 106 a factor of 50852?
False
Is 113 a factor of 13260?
False
Does 7 divide 313?
False
Is 12 a factor of 537?
False
Is 8883 a multiple of 9?
True
Is 10 a factor of 1850?
True
Does 5 divide 2931?
False
Does 10 divide 268?
False
Does 190 divide 62828?
False
Is 25 a factor of 3591?
False
Is 7 a factor of 14?
True
Is 18649 a multiple of 15?
False
Does 3 divide 1184?
False
Does 18 divide 64736?
False
Is 4160 a multiple of 8?
True
Does 3 divide 2825?
False
Does 9 divide 1419?
False
Does 54 divide 16764?
False
Is 15411 a multiple of 11?
True
Does 18 divide 22062?
False
Is 39 a factor of 6716?
False
Is 720 a multiple of 45?
True
Is 44503 a multiple of 9?
False
Is 2884 a multiple of 20?
False
Is 18078 a multiple of 262?
True
Does 36 divide 9972?
True
Is 333 a multiple of 4?
False
Does 23 divide 2139?
True
Does 27 divide 2025?
True
Is 4853 a multiple of 305?
False
Is 119574 a multiple of 42?
True
Is 18 a factor of 1152?
True
Does 14 divide 968?
False
Does 46 divide 56810?
True
Is 32 a factor of 384?
True
Is 40 a factor of 2916?
False
Does 20 divide 2960?
True
Is 287 a multiple of 41?
True
Is 1008 a multiple of 7?
True
Is 30127 a multiple of 15?
False
Does 19 divide 514?
False
Is 37 a factor of 444?
True
Does 16 divide 2850?
False
Does 10 divide 4139?
False
Is 12 a factor of 540?
True
Is 30 a factor of 5252?
False
Is 14997 a multiple of 8?
False
Is 10 a factor of 562?
False
Is 32 a factor of 875?
False
Is 1001 a multiple of 91?
True
Is 160 a multiple of 20?
True
Is 11 a factor of 777?
False
Is 731 a multiple of 17?
True
Is 22 a factor of 577?
False
Is 22 a factor of 66?
True
Is 21 a factor of 690?
False
Does 14 divide 16091?
False
Is 11 a factor of 2805?
True
Is 33 a factor of 561?
True
Is 88982 a multiple of 38?
False
Is 19 a factor of 5946?
False
Is 28 a factor of 6636?
True
Is 18 a factor of 2664?
True
Does 73 divide 16709?
False
Is 1663 a multiple of 18?
False
Does 90 divide 810?
True
Is 11760 a multiple of 147?
True
Is 29 a factor of 551?
True
Does 2 divide 109?
False
Does 19 divide 23703?
False
Does 15 divide 222?
False
Is 38216 a multiple of 17?
True
Is 304 a multiple of 68?
False
Does 34 divide 1421?
False
Does 10 divide 9600?
True
Is 4 a factor of 1472?
True
Is 2871 a multiple of 33?
True
Is 6 a factor of 3597?
False
Is 3264 a multiple of 17?
True
Does 5 divide 687?
False
Does 147 divide 18422?
False
Is 9 a factor of 171?
True
Does 15 divide 645?
True
Is 47320 a multiple of 260?
True
Is 2303 a multiple of 47?
True
Does 6 divide 2642?
False
Is 5405 a multiple of 5?
True
Is 7 a factor of 3791?
False
Is 2037 a multiple of 64?
False
Does 47 divide 74?
False
Is 3910 a multiple of 23?
True
Is 27255 a multiple of 79?
True
Is 38108 a multiple of 62?
False
Is 12300 a multiple of 15?
True
Is 44064 a multiple of 17?
True
Is 6579 a multiple of 51?
True
Does 61 divide 33733?
True
Is 13 a factor of 2251?
False
Does 36 divide 576?
True
Is 171 a factor of 88578?
True
Is 1829 a multiple of 31?
True
Is 1306 a multiple of 9?
False
Is 342 a multiple of 27?
False
Is 10 a multiple of 2?
True
Does 20 divide 1107?
False
Is 6 a factor of 7821?
False
Does 30 divide 2424?
False
Does 68 divide 50434?
False
Is 3 a factor of 120?
True
Is 62 a factor of 44073?
False
Is 5402 a multiple of 89?
False
Is 14674 a multiple of 22?
True
Does 192 divide 1728?
True
Is 11628 a multiple of 18?
True
Does 2 divide 1004?
True
Does 23 divide 5543?
True
Is 1920 a multiple of 32?
True
Does 53 divide 884?
False
Is 19 a factor of 269?
False
Is 49 a factor of 9070?
False
Is 14 a factor of 4284?
True
Is 87 a factor of 56550?
True
Is 10 a factor of 97?
False
Is 41 a factor of 29479?
True
Does 19 divide 26258?
True
Is 1120 a multiple of 14?
True
Does 8 divide 2206?
False
Is 187086 a multiple of 57?
False
Is 20970 a multiple of 10?
True
Does 14 divide 118184?
False
Is 164 a multiple of 164?
True
Is 61 a factor of 10370?
True
Is 8349 a multiple of 121?
True
Does 13 divide 16796?
True
Does 161 divide 17728?
False
Does 172 divide 70755?
False
Is 31 a factor of 2745?
False
Does 29 divide 11046?
False
Is 33024 a multiple of 172?
True
Does 32 divide 1846?
False
Does 26 divide 2040?
False
Is 3111 a multiple of 17?
True
Is 87 a factor of 2625?
False
Is 880 a multiple of 16?
True
Does 7 divide 1365?
True
Is 1421 a multiple of 50?
False
Is 522 a multiple of 20?
False
Is 62 a